p**3 - 6*p**2 + 11*p - 1492. Calculate q(1).
-4
Let v(r) = r**3 + 13*r**2 + r - 5. Let o = -6616 - -6603. Determine v(o).
-18
Suppose -758 - 573 + 1169 = -18*b. Let n(d) = -d**3 + 5*d**2 + 38*d - 5. Calculate n(b).
13
Let m = -75 + 73. Let i(c) = -c - 4*c**3 + c**3 + 3*c**2 - 1 + 9*c**2 - 50*c**2 + 36*c**2. Give i(m).
17
Suppose 62 = -5*g + 47. Let f(d) = 2*d**3 + 7*d**2 + 2*d - 3. Let i be f(g). Let m(u) = -u**2 - u + 10. Determine m(i).
10
Let s(x) = -4*x + 10. Let l(r) = -r**3 + 4*r**2 - r - 8. Let i be l(3). Let d(y) = -y + 4. Let h(u) = i*s(u) + 7*d(u). What is h(-7)?
1
Let l(f) = -f**2 + 5*f + 14. Let b be l(7). Suppose -18 = -2*o - b. Let r = o - 10. Let a(k) = 8*k - 1. Calculate a(r).
-9
Suppose -79 = -3*z + 326. Let w = -139 + z. Let l(c) = -c**3 - 4*c**2 - c - 2. Calculate l(w).
2
Let d = 471 + -475. Let w(r) = 10*r**2 - 2*r - 3. Let g(m) = -17*m**2 + 4*m + 5. Let h(s) = d*g(s) - 7*w(s). Determine h(2).
-11
Suppose -3*m + 4 = -5*b, -5*m + 14 = 4*b - 5*b. Let g(c) = 1 - 10*c + 2*c - 7*c**3 + 6*c + 0*c**m + c**2. Calculate g(1).
-7
Let a(v) = -19 + 646*v**3 - 647*v**3 + 31*v - 31*v**2 - 15. Determine a(-32).
-2
Let k be (0 - (0 + -2))/((-2)/(-20)). Suppose -2*z - 8*z = -k. Let o(n) = 18 - 6 - 9 - 4 - z*n. Give o(5).
-11
Let h be 3/(-6) + (-1)/2. Let p be 7*1/h + -1. Let m(x) be the first derivative of x**3/3 + 7*x**2/2 - 5*x + 377. Determine m(p).
3
Let l(y) = y**2 + 8*y + 11. Let q be l(-9). Suppose q = -4*g - 4. Let j(u) = 2*u + 506 + 536 - 1036. Determine j(g).
-6
Let i(j) = -3*j**3 - 127*j**2 - 282*j - 80. Let p be i(-40). Let f(w) be the third derivative of 0*w + p + 1/6*w**3 - 1/24*w**4 - 19*w**2. Give f(-1).
2
Suppose 37*f - 10 = 32*f. Suppose -f*j = -6*j - 4. Let z(g) = 3*g - 7*g + 4*g - 3*g. Calculate z(j).
3
Let m(b) = 57*b**3 + 67*b**2 + 40*b + 144. Let a(k) = 20*k**3 + 22*k**2 + 14*k + 49. Let f(g) = 17*a(g) - 6*m(g). Calculate f(-14).
-3
Let d(o) = -o**3 - 9*o**2 - 18*o + 3. Suppose 0 = -b - b + p - 13, 0 = -b - 5*p - 1. Determine d(b).
3
Let y(c) be the third derivative of c**5/120 - c**4/4 + 5*c**3/3 - c**2 - 48. Let l(w) be the first derivative of y(w). What is l(4)?
-2
Let q(h) = 9*h - 10. Let m = 1 + -8. Let j(v) = 5*v - 5. Let w(k) = m*j(k) + 4*q(k). Let b = 389 + -382. Determine w(b).
2
Let h(p) be the second derivative of 14*p**3/3 + 125*p. Calculate h(-2).
-56
Let a(w) = w**3 - 4*w**2 + w - 3. Let b(c) = 16*c - 576. Let d be b(36). Let p(j) = 4 - 1 - 2*j + j**2 - j. Let s be p(d). Determine a(s).
-9
Let s(v) = 7*v - 31. Suppose 2*w + 6 = -3*d, 0 = 5*w + 3705*d - 3702*d - 12. Determine s(w).
11
Suppose 6*c - 4*c = -3*i - 4, 0 = -3*i. Let d be 10/1*1/c. Let m(v) = 6*v**2 + 12*v + 4. Let f(p) = p**2 + p + 1. Let a(s) = 5*f(s) - m(s). Determine a(d).
11
Let p(y) = y - 36. Let x be p(13). Let v = x + 22. Let f(n) be the third derivative of n**5/60 + n**4/8 + n**3/6 - 50*n**2. Calculate f(v).
-1
Let f(h) be the first derivative of h**5/30 - h**4/12 - 55*h**3/3 - 58. Let w(b) be the third derivative of f(b). What is w(-2)?
-10
Let o(k) = -1 + k + 2 + 4. Let j be -3 - 7 - (-20)/12*3. Calculate o(j).
0
Let q(y) = y**2 - 12*y + 7. Suppose 35*f = -78*f + 1017. Give q(f).
-20
Suppose -39*l + 21*l + 45 = 27*l. Let u(n) = -32*n**2 - n + 2. Determine u(l).
-31
Let k(j) be the third derivative of j**7/840 - j**6/90 - 7*j**5/120 + 5*j**4/24 - 17*j**3/3 - 14*j**2. Let s(z) be the first derivative of k(z). Give s(5).
-5
Suppose 80*a + 20 = -5*u + 85*a, 2*u - a = -6. Let d be ((-3)/u)/(4/(-8)). Let x(v) = -v**2 - 5*v - 3. Determine x(d).
3
Let f(k) = 2*k**2 - 2*k + 3. Let c = -10701 + 10702. Determine f(c).
3
Suppose 319*f - 68 + 68 = 0. Let u(r) be the second derivative of f*r**2 - 5*r - 1/6*r**3 - 1 - 7/12*r**4. Calculate u(-2).
-26
Let v(p) = 2*p**3 + 37*p**2 + 303 - 4*p**3 + 284 - 17*p - 609. Give v(18).
-4
Let v(i) = 2*i**3 - 6*i**2 + 2*i + 10. Let o be v(3). Let p(z) = 60*z**2 - 7*z - 39*z**2 - o*z**2 - z**3 + 7 + 2*z**3. Calculate p(-6).
13
Let u(t) be the second derivative of 0 - 5/6*t**3 - 1/12*t**4 + 7/2*t**2 - 17*t. Let n be (-1)/((-9)/5 + 2). Determine u(n).
7
Let g(r) = -203637*r**2 + 203631*r**2 + 17 - 3*r + r. Determine g(0).
17
Suppose 43*w + 72 = 37*w. Let q(n) be the second derivative of -2*n**3/3 - 4*n**2 - 22*n - 5. Give q(w).
40
Let s(p) = -54*p - 145. Let t(w) = -21*w - 58. Let x(h) = -5*s(h) + 13*t(h). Calculate x(-7).
-8
Let c(j) = -4*j**3 - 6*j**2 + 5. Let o(l) = 3*l**3 + 6*l**2 + l - 4. Suppose -291*i + 12 = -295*i. Let n(r) = i*o(r) - 2*c(r). What is n(-5)?
-8
Suppose -4*h - 201 = -4*d + 3*d, h = 5*d - 1024. Let w(a) = -a + d + 0*a - 210. Determine w(-4).
-1
Let n(s) = 8*s - 2. Suppose 4 = -5*m + 3*d, -d = m - 3*m - 1. Suppose 11*a - 12*a = -m. What is n(a)?
6
Let h(f) = -8*f**2 + f - 1. Let l(x) = x**3 - 48*x**2 + 6*x - 14. Let t(k) = 5*h(k) - l(k). What is t(8)?
1
Let x(g) = 1140*g + 43 - 9 - 1138*g + 5. Calculate x(28).
95
Let r(z) = -z - 1. Let k(o) = -5*o. Let n(x) = k(x) - 4*r(x). Let q be 245/2*((-1764)/(-35))/(-7). Let c = -882 - q. Give n(c).
4
Let l(n) = n**2 + 13*n + 17. Suppose -76 = 7*d + t, 2*d + 4*t + 21 = 3*t. Calculate l(d).
-5
Let v(o) be the second derivative of -2 + 5/4*o**4 - 7/3*o**3 - 1/20*o**5 - 2*o**2 - 118*o. Determine v(14).
-4
Let j(i) be the third derivative of -i**5/60 - 2*i**4/3 - 7*i**3/2 - 3221*i**2. Calculate j(-15).
-6
Let u(o) be the third derivative of o**6/120 - 7*o**5/60 + 7*o**4/24 + 2*o**3/3 - 4*o**2 - 483*o - 1. What is u(3)?
-11
Suppose -3*c = c + 8. Let m(y) be the third derivative of -1/6*y**3 + 1/30*y**5 + 9*y**2 + 0*y + 0 + 1/12*y**4 + 1/120*y**6. Calculate m(c).
-5
Let a = -843 + 847. Let v(j) = a*j**2 + 115*j - 5 - 182*j - j**3 + 70*j. What is v(2)?
9
Let y(c) be the second derivative of -c**4/12 + 5*c**3/3 - 23*c**2/2 + 7*c + 1. Let l be y(3). Let v(b) = -2*b**2 + b. What is v(l)?
-10
Let v be 38/16 + (-42)/112. Let z be v*(-6)/3 - -11. Let y(p) = 6 - 4*p + 8*p + z*p**2 - 2*p**2 - 6*p**2. Give y(5).
1
Let q(g) = -33*g + 3. Let i(z) = -13*z + 1. Suppose -30*v + 6*v = 48. Let u(a) = v*q(a) + 5*i(a). Suppose -5 = 5*o - 4*d - 4, -5*d = 5. Give u(o).
-2
Let o(l) = 9*l + 13. Let z = 5243 + -5247. Calculate o(z).
-23
Suppose 7*t - t + 150 = 0. Let k = 29 + t. Suppose 12 = -7*u + k*u. Let w(g) = -g**2 - 4*g - 4. Give w(u).
-4
Let g(q) = q - 7. Let c be g(15). Let h(t) = -5 - 4 - t + c + 5 + t**2. What is h(-4)?
24
Let h be (6 - 7)*(1 + -4) - -736. Let v = 744 - h. Let c(m) = -m**3 + 4*m**2 + 5*m + 3. Give c(v).
3
Let s(i) = -27*i**3 + 2*i**2 - 4*i + 1. Let f = 1260 - 1259. What is s(f)?
-28
Let d(m) be the second derivative of -m**4/12 - 5*m**3/2 - 3*m**2 - 6*m - 28. Determine d(-15).
-6
Let p(n) = 92*n**2 + 5*n + 100*n**2 + 0*n - 191*n**2. Suppose -x - 9 = -v - 2*v, -4*x = 4*v - 28. Suppose x*l = -0*l + s - 17, 3*s - 7 = -2*l. Calculate p(l).
-4
Let b be (-285)/(-25) + 6/10. Let t(k) be the third derivative of k**5/60 - k**4/2 + 7*k**3/6 + 50*k**2 - 5*k. Give t(b).
7
Let k(x) = -5*x + 4. Let m = 26 + -13. Suppose m - 1 = 2*f + c, 3*f + 5*c = 32. Let d(s) = -4*s + 5. Let w(t) = f*d(t) - 3*k(t). Calculate w(0).
8
Let o(k) = -11*k**2 - 2*k - 1. Let z be 2 + -8 + 2 + 7. Let p be z/2 + 80/(-32). Give o(p).
-10
Suppose -327 = 15*i - 1047. Let p(b) = -b**3 - 52*b + 9*b**2 - 3*b**2 - 5 + i*b. What is p(5)?
0
Let p(b) = b + b**2 + 2*b**2 + 5 + 63*b**3 - 64*b**3. Suppose m = -4*m + 25. Suppose 2 = 3*z - 5*q, -4*z - z + 10 = -m*q. Give p(z).
-7
Let f(y) = 27*y**2 - 4*y + 3. Let l be f(1). Suppose -26*h - l = -39*h. Let o(k) = k**2 - 6*k + 8. Give o(h).
0
Suppose 4*r + 15*x = 10*x + 56, 5*x - 42 = -3*r. Let j(m) = 2*m**2 + 7*m + 7. Let o be j(-5). Let w(d) = -o*d + 3 + 34*d - r*d. Determine w(4).
-5
Let h(o) be the third derivative of -o**3/6 + 64*o**2. Let s(g) = g**3 + 5*g**2 - 7*g + 4. Let i(p) = 4*h(p) + s(p). Determine i(-6).
6
Suppose 4*q - v - 23 = 0, 4*v = -4*q + v + 11. Let z(h) = 13*h - 1. Let g(u) = 4*u. Let l(x) = q*z(x) - 15*g(x). What is l(5)?
20
Let q(b) be the second derivative of -b**3/3 - 3*b**2/2 - 2*b. Suppose 5*i - 979 = 361. Suppose -9*p = -i + 340. Determine q(p).
13
Let w(s) be the first derivative of 6*s + 94 + 1/3*s**3 + 5*s**2. What is w(-8)?
-10
Suppose 0 = -4*b - s + 632, -2*b + 288 = 2*s - 34. Suppose b*l = 166*l + 45. Let p(v) = v**2 + 13*v 